).
-44
Let d(s) = s + 1. Let n(c) = 52*c - 153. Let k be n(3). Determine d(k).
4
Let c(f) = 3*f - 1. Let g = -4 + 6. Let v be 4/3 - (-32)/12. Suppose 0 = -5*q - v*b - 15, g*q + 3*b = -0*b - 6. What is c(q)?
-10
Let t = -5 - -16. Suppose 15 = 4*x - x. Let a(k) = x + 5 - t - 4*k + 0. Calculate a(-1).
3
Let v(u) = -18*u. Let m(p) = p**3 + 6*p**2 + 4*p - 2. Let o be m(-5). Suppose y = j - 3*j + o, -3*y + 18 = -3*j. Calculate v(j).
18
Let m(x) be the second derivative of -1/6*x**3 + 13/2*x**2 + 0 + 14*x. Give m(8).
5
Suppose -5*d - 13 = -5*a - 58, -33 = 3*a - 5*d. Let x(s) be the second derivative of 0 - 11/2*s**2 - 2*s - 1/6*s**3. Calculate x(a).
-5
Let c(b) be the third derivative of b**5/60 + 3*b**4/8 + 7*b**3/6 + 62*b**2. Calculate c(-8).
-1
Let s(m) = -m**2 - 7*m - 8. Let q be s(-6). Let p(i) = -10*i. Calculate p(q).
20
Suppose -p + 4*m + 15 = 0, -5*p + 0*m - 5 = -4*m. Let r(f) = -4*f - 14. Let k be r(p). Let z(w) = 2*w - 8. Calculate z(k).
4
Let h(r) = -3*r**2 - 4*r + 3. Let o = -28 + 30. Suppose -o*n - 3*v = -7, -3*n + 8*v = 4*v - 2. Determine h(n).
-17
Let n be (-4)/(-24) - 22/(-12). Let z(b) = -b**3 - 3*b + 1. What is z(n)?
-13
Let x = 30 + 12. Let d(m) = -x*m**2 + 17*m**2 - m + 16*m**2. Determine d(-1).
-8
Suppose 0 = -t + z - 7, 5*t + 31 = 24*z - 20*z. Let q(b) = b**3 + b**2 + 4*b + 3. What is q(t)?
-27
Let s(r) be the third derivative of r**5/60 - 7*r**4/24 - r**3 - 97*r**2 - r. What is s(6)?
-12
Let s(h) = h**2 - 3*h. Let j(v) = -v**2 - 5*v + 4. Let d(z) = -3*z**2 - 11*z + 8. Let m(c) = -2*d(c) + 5*j(c). Let w be m(3). Calculate s(w).
4
Let v(j) = -12*j**2 + 15*j - 13. Let z be v(1). Let n(g) = g**3 + 10*g**2 - 2*g - 23. Determine n(z).
-3
Let s(m) = -6*m + 23. Suppose 2*i - 8 = 4. Calculate s(i).
-13
Suppose -v = -3*v + 34. Let h = 22 - v. Let z(j) = -7*j + j**2 + h*j + 6 - 3 - 4*j**2. Calculate z(2).
-13
Let i(d) = 145*d - 2170. Let z be i(15). Let k = 0 - -7. Let p(u) = -2*u + 5*u - 4*u + k. Give p(z).
2
Let b(f) = -f**2 - 1. Let y be b(0). Let i(s) be the second derivative of s**7/280 - s**3/3 + 3*s. Let z(d) be the second derivative of i(d). What is z(y)?
-3
Let y(j) = 8*j**2 + 5*j - 2. Let t be y(-4). Let r(f) = -1 + 0 + t*f - 97*f. What is r(-2)?
-19
Let z(f) be the first derivative of f**4/4 + 8*f**3/3 + 7*f**2/2 - f - 423. Let q(r) = r**3 - 4*r**2 + r - 1. Let v be q(3). Give z(v).
-1
Suppose -3 = 4*h - 3*c - 0, -4*h + 2*c - 2 = 0. Let r be h + -2 - (-52 + 0). Let l be (6/5)/((-15)/r). Let p(w) = -w**3 - 3*w**2 + 4*w - 2. Determine p(l).
-2
Let v(z) = 17*z**2 + z. Let t(x) = 9 + x + 5 - 12. Let d be t(-1). Give v(d).
18
Let h(q) = q**2 - 2*q - 3. Suppose -25 = -9*v + 173. Suppose -14 - v = 9*f. What is h(f)?
21
Let a(r) = -r. Let x(u) = 5*u. Let n(s) = 11*a(s) + 2*x(s). Let m(b) = -6*b - 1. Let d(v) = -m(v) + 2*n(v). Suppose -f + 5 = -6*f. What is d(f)?
-3
Let v(t) be the first derivative of -t**3 + 1/24*t**4 + 0*t**2 - 1/60*t**5 - 1/120*t**6 + 0*t - 2. Let u(g) be the third derivative of v(g). Give u(1).
-4
Let k(r) = -8*r + 4 + 3*r + 4 - 20 + 6. Determine k(-2).
4
Let d(n) = n + 5. Suppose 0 = 6*y - 14*y - 24. Determine d(y).
2
Let z(r) be the first derivative of r**3/3 - 13*r**2/2 + 8*r - 68. What is z(12)?
-4
Suppose 6 = 4*d + 2. Let k(f) = -5*f**2 - 11*f - 7. Let p(c) = c**2 + c + 1. Let r(o) = d*k(o) + 4*p(o). Let j be (-2)/9 + 172/(-36). What is r(j)?
7
Let y(m) = m**3 - 5*m**2 - 4*m - 8. Suppose 0 = -8*w - w + 297. Let f = w + -27. Calculate y(f).
4
Let y(x) = x**2 - 5*x - 2. Let d be (-4)/6 - (-69)/9. Give y(d).
12
Let v = 186 - 190. Let w(h) = h**2 + 3*h - 2. Determine w(v).
2
Suppose 5 = 5*a - 4*t, 5*a + 46*t - 44*t = -25. Let j(s) = s**3 - 2*s + 3. What is j(a)?
-18
Let h(o) be the first derivative of -1/12*o**4 - 4 + 0*o - 5*o**2 + 1/6*o**3. Let n(f) be the second derivative of h(f). Calculate n(-3).
7
Let t(d) be the first derivative of d**4/12 + d**3/6 - 3*d - 5. Let p(q) be the first derivative of t(q). Let x be 1*(1 + -5) - -2. Determine p(x).
2
Let n(i) = -11*i**2 + i - 1. Suppose 111 = 4*c - 0*c + 3*x, -140 = -5*c - 5*x. Let m = -26 + c. Determine n(m).
-11
Let w(f) = -f**3 + 6*f**2 + 2. Let q(i) = -i**3 + i**2 + 2*i + 5. Let b be q(0). Suppose 24 = 4*k + 4*h, 2*h = -5*k + b*h + 30. What is w(k)?
2
Let d be 2/(-18) + 253/9. Let v = 24 - d. Let m(h) = h**3 + 4*h**2 + h. Calculate m(v).
-4
Let u(c) = c + 4. Let h(s) = -s**2 - 14*s + 3. Let m be h(-14). Let q(p) = -p**2 + 3*p + 3. Let d be q(m). Suppose 0*l = d*l. What is u(l)?
4
Let y(d) = -d + 1. Let p(n) = -n + 8. Let i(m) = p(m) + y(m). Suppose -2*s - 3*v - 46 = -53, -3*s - 3*v + 15 = 0. What is i(s)?
-7
Let f(c) = -c**2 - 14*c + 19. Let d be f(-15). Let k(x) = -2*x**2 + x**2 + 0*x**2 - 6*x - x - d. Let r(o) = o**2 - 5*o - 3. Let s be r(4). Calculate k(s).
-4
Let u be -1 + 2 - (-2 - -6). Let h(p) = p + 6. Let d be h(u). Let l(c) = -5*c**2 + 0*c + c**3 - 4*c - 2*c**d + 3*c + 4. Calculate l(-4).
-8
Let i be (((-70)/(-15))/7)/((-8)/156). Let l(n) = -n**3 - 12*n**2 + 12*n - 9. What is l(i)?
4
Let x(i) be the third derivative of -i**5/60 - i**4/12 - i**3/2 - 3*i**2. Let n = -4 - -5. Let v be -2*12/8*n. What is x(v)?
-6
Let l(d) = -22*d + 2*d**2 - 13*d + 3 + 66*d - 15*d. Give l(-11).
69
Let m(z) be the second derivative of -z**6/72 - z**5/120 + 7*z**4/12 + 9*z. Let p(c) be the third derivative of m(c). Give p(-1).
9
Let w be (-8)/(-3) + 8/24. Let q(y) = 8*y**2 + 3*y**w - 3*y - 2*y**3 + 2*y**2 + 4 - 5*y**2. Calculate q(-5).
19
Let x(p) = p**3 - 5*p**2 + 9. Let z be x(5). Let g(f) = -10 + 23 - z + f. Give g(-3).
1
Let y = 12 + -36. Let t be (-1)/((-20)/y + -1). Let o(w) = -5*w + t*w + w + 3 - 3*w. Calculate o(5).
-2
Let x(m) be the first derivative of -m**4/4 - 10*m**3/3 + 3*m**2/2 + 15*m - 62. Calculate x(-10).
-15
Let j(r) be the second derivative of -r**3/3 - r**2/2 - 77*r. Give j(-1).
1
Suppose -24 = 2*t - 10*t. Let u(h) = 5*h**t + 9*h**3 + 5*h**3 - 5*h**2 + 4*h - 20*h**3. Determine u(-6).
12
Let a be (-4 - (-48)/30)/((-6)/20). Let b(y) = -y**2 + 6*y - 9. Calculate b(a).
-25
Let r(d) = d**3 + 18*d**2 - 1 - 19*d**2 - 3*d**2. Calculate r(4).
-1
Let j(x) = -x**3 - 6*x**2 + 4. Let m = 540 + -546. What is j(m)?
4
Let y(v) = -3*v**2 + 2*v - 2. Let q = 16 + -11. Suppose l + 22 = b + 6*l, 20 = q*l. Determine y(b).
-10
Let k(x) be the second derivative of -x**4/12 - x**3 - 3*x**2 + x. Let i = -43 - -43. Suppose 4*f - 14 = t - i*f, 10 = 5*f. Give k(t).
-6
Let j(s) = -s**3 - 17*s**2 - 29*s + 14. Let t be j(-15). Let r(m) be the third derivative of -m**5/4 + m**4/12 + m**3/6 - 2*m**2. Give r(t).
-16
Let j(n) = -n**3 - 4*n**2 - 4*n - 2. Let u be j(-3). Let i(p) = 9*p**3 + 2*p**2 + p - 1. Calculate i(u).
11
Let j(g) = -18*g - 8. Let d(p) = p**3 - 9*p**2 - 11*p + 14. Let b be d(10). Let f(z) = -6*z - 3. Let k(t) = b*j(t) - 11*f(t). Let h = 9 - 7. Give k(h).
-11
Let s(i) = 2*i + 13. Let l be s(9). Suppose 0 = 20*b - 171 + l. Let k(y) = -y**3 + 0 - 7*y**2 - 1 + 2*y**3. Give k(b).
-1
Suppose -191 = -g - 3*l, g + l + l = 188. Let h(u) = -188 + 0*u + g + u - 4*u. Determine h(-4).
6
Let o = 97 + -57. Let a(m) = -o + 36 - 4*m - 4*m - 2*m**2 + 3*m**2. Calculate a(9).
5
Let b = -16 - -10. Let m = -49 + 50. Let n(x) = m + 2 + x + 6 - 1. Give n(b).
2
Let i(o) = o**3 + 9*o**2 + o + 7. Let f(x) = -x**2 - x + 11. Let q be f(4). Calculate i(q).
-2
Let v(l) = l**2 - 5*l - 5. Let u = 6 + -4. Let b(a) = a**3 + 9*a**2 - 21*a + 14. Let h be b(-11). Suppose -2*j = h*s - 0*s - 9, u*j + 5*s = 7. Calculate v(j).
1
Let w(r) = -7*r**2 - 12*r - 3. Let n be (-1 - -2)*(-13 - -12). Let y(x) = -x**2 - x. Let z(g) = n*w(g) + 6*y(g). Calculate z(-5).
-2
Let a(k) be the first derivative of k**5/60 - k**4/4 - 7*k**3/6 + 17*k**2/2 - 19. Let d(w) be the second derivative of a(w). Give d(6).
-7
Suppose 0*r = 4*r + 8, -5*q - 5*r = 0. Suppose q*g = g - 8. Let z(v) = -v**3 - 7*v**2 + 9*v + 5. Determine z(g).
-3
Let h(y) = -y**3 - 12*y**2 + y + 3. Let o = -740 - -728. Determine h(o).
-9
Let y(m) be the second derivative of -m**4/12 - m**3/3 + 5*m**2/2 - 2*m. Suppose 2*k + 0*k = -3*a - 7, 5*k = 4*a + 40. What is y(a)?
-10
Let k be (-16 - -18)/(5/((-45)/(-6))). Let h(n) be the first derivative of -2/3*n**3 - n**2 - 2*n - k. What is h(-2)?
-6
Let h = -1 + 1. Let r(p) = p + 5 + 4 - 2 + 3*p**3 - 4*p**3 - 5. What is r